{"id":12,"date":"2024-11-07T07:24:05","date_gmt":"2024-11-07T07:24:05","guid":{"rendered":"https:\/\/lk-hermes.dk\/?page_id=12"},"modified":"2026-03-12T08:47:31","modified_gmt":"2026-03-12T08:47:31","slug":"home","status":"publish","type":"page","link":"https:\/\/lk-hermes.dk\/index.php\/home\/","title":{"rendered":"L\u00f8beklubben Hermes"},"content":{"rendered":"\n<p>L\u00f8beklubben Hermes er et mindre l\u00f8bef\u00e6llesskab i Odense. <\/p>\n\n\n\n<p>Savner du nogle at l\u00f8be med, s\u00e5 er vi m\u00e5ske noget for dig. Vi er ikke s\u00e5 mange, men vi vil gerne v\u00e6re flere. Vi har ikke f\u00e6llestr\u00e6ninger, men fors\u00f8ger at l\u00f8be sammen, s\u00e5 ofte det er muligt og ikke mindst tage ud til l\u00f8b sammen.<\/p>\n\n\n\n<p>Det koster 400 kr at v\u00e6re med om \u00e5ret, det omfatter ogs\u00e5 vores ultrafede Hermes-tr\u00f8je ved indmeldelse.<\/p>\n\n\n\n<p>Vi er medlem af Dansk Atletik og som medlem er man derfor berettiget til at l\u00f8be med til officielle danske mesterskaber.<\/p>\n","protected":false},"excerpt":{"rendered":"<p>L\u00f8beklubben Hermes er et mindre l\u00f8bef\u00e6llesskab i Odense. Savner du nogle at l\u00f8be med, s\u00e5 er vi m\u00e5ske noget for dig. Vi er ikke s\u00e5 mange, men vi vil gerne v\u00e6re flere. Vi har ikke f\u00e6llestr\u00e6ninger, men fors\u00f8ger at l\u00f8be sammen, s\u00e5 ofte det er muligt og ikke mindst tage ud til l\u00f8b sammen. Det &hellip; <\/p>\n<p class=\"link-more\"><a href=\"https:\/\/lk-hermes.dk\/index.php\/home\/\" class=\"more-link\">Continue reading<span class=\"screen-reader-text\"> &#8220;L\u00f8beklubben Hermes&#8221;<\/span><\/a><\/p>\n","protected":false},"author":3,"featured_media":64,"parent":0,"menu_order":0,"comment_status":"closed","ping_status":"closed","template":"","meta":{"footnotes":""},"class_list":["post-12","page","type-page","status-publish","has-post-thumbnail","hentry"],"_links":{"self":[{"href":"https:\/\/lk-hermes.dk\/index.php\/wp-json\/wp\/v2\/pages\/12","targetHints":{"allow":["GET"]}}],"collection":[{"href":"https:\/\/lk-hermes.dk\/index.php\/wp-json\/wp\/v2\/pages"}],"about":[{"href":"https:\/\/lk-hermes.dk\/index.php\/wp-json\/wp\/v2\/types\/page"}],"author":[{"embeddable":true,"href":"https:\/\/lk-hermes.dk\/index.php\/wp-json\/wp\/v2\/users\/3"}],"replies":[{"embeddable":true,"href":"https:\/\/lk-hermes.dk\/index.php\/wp-json\/wp\/v2\/comments?post=12"}],"version-history":[{"count":5,"href":"https:\/\/lk-hermes.dk\/index.php\/wp-json\/wp\/v2\/pages\/12\/revisions"}],"predecessor-version":[{"id":86,"href":"https:\/\/lk-hermes.dk\/index.php\/wp-json\/wp\/v2\/pages\/12\/revisions\/86"}],"wp:featuredmedia":[{"embeddable":true,"href":"https:\/\/lk-hermes.dk\/index.php\/wp-json\/wp\/v2\/media\/64"}],"wp:attachment":[{"href":"https:\/\/lk-hermes.dk\/index.php\/wp-json\/wp\/v2\/media?parent=12"}],"curies":[{"name":"wp","href":"https:\/\/api.w.org\/{rel}","templated":true}]}}